he greatest common divisor of 204 and 2703?
51
What is the greatest common factor of 63 and 56?
7
Calculate the highest common divisor of 288 and 4824.
72
Calculate the highest common factor of 60 and 1305.
15
Calculate the greatest common factor of 847 and 121.
121
Calculate the highest common factor of 11 and 55.
11
Calculate the highest common factor of 416 and 728.
104
Calculate the greatest common factor of 13 and 65.
13
What is the highest common factor of 12 and 26?
2
What is the highest common factor of 3 and 813?
3
Calculate the greatest common factor of 12 and 420.
12
Calculate the greatest common divisor of 48 and 1356.
12
What is the greatest common factor of 44 and 352?
44
What is the highest common factor of 1415 and 13867?
283
What is the greatest common factor of 30 and 1290?
30
Calculate the highest common divisor of 679 and 7.
7
Calculate the greatest common factor of 338 and 78.
26
What is the greatest common factor of 144 and 54?
18
What is the greatest common divisor of 3404 and 276?
92
What is the greatest common divisor of 10703 and 77?
77
What is the highest common divisor of 28 and 896?
28
What is the highest common divisor of 715 and 110?
55
What is the greatest common factor of 75 and 1425?
75
Calculate the highest common factor of 700 and 868.
28
Calculate the greatest common factor of 360 and 90.
90
What is the highest common factor of 16 and 424?
8
Calculate the highest common divisor of 103 and 1648.
103
What is the highest common factor of 10 and 10130?
10
What is the highest common factor of 3283 and 536?
67
Calculate the highest common divisor of 171 and 57.
57
Calculate the highest common divisor of 765 and 136.
17
Calculate the highest common factor of 286 and 9581.
143
What is the highest common factor of 789 and 3?
3
What is the highest common divisor of 7 and 448?
7
Calculate the greatest common factor of 3538 and 58.
58
Calculate the greatest common divisor of 9936 and 207.
207
What is the greatest common divisor of 52 and 364?
52
Calculate the greatest common factor of 88 and 165.
11
Calculate the highest common divisor of 51 and 51.
51
What is the greatest common factor of 8 and 36?
4
Calculate the greatest common factor of 558 and 36.
18
Calculate the greatest common divisor of 4002 and 348.
174
Calculate the greatest common divisor of 200 and 24.
8
What is the greatest common factor of 40 and 3820?
20
What is the highest common factor of 81 and 423?
9
Calculate the highest common factor of 8 and 36.
4
What is the highest common divisor of 350 and 77?
7
Calculate the highest common divisor of 8 and 1406.
2
Calculate the greatest common divisor of 448 and 832.
64
Calculate the highest common factor of 43 and 4601.
43
Calculate the greatest common divisor of 17824 and 32.
32
What is the highest common factor of 119 and 7?
7
What is the highest common divisor of 1793 and 33?
11
What is the highest common factor of 19 and 186?
1
What is the highest common divisor of 26 and 104?
26
Calculate the highest common divisor of 27 and 135.
27
Calculate the greatest common divisor of 138 and 12.
6
Calculate the greatest common divisor of 120 and 536.
8
Calculate the greatest common factor of 186 and 36642.
186
What is the highest common factor of 1 and 7?
1
Calculate the highest common factor of 805 and 420.
35
Calculate the highest common factor of 414 and 612.
18
Calculate the highest common divisor of 37 and 1147.
37
Calculate the greatest common divisor of 90 and 144.
18
What is the greatest common divisor of 21 and 31080?
21
What is the greatest common factor of 1492 and 4?
4
Calculate the greatest common factor of 2812 and 8.
4
What is the highest common factor of 83 and 747?
83
What is the highest common factor of 210 and 30?
30
Calculate the greatest common divisor of 540 and 12.
12
What is the highest common divisor of 2 and 17444?
2
What is the greatest common divisor of 5166 and 28?
14
What is the highest common factor of 1425 and 2280?
285
Calculate the greatest common divisor of 1537 and 1131.
29
What is the highest common divisor of 34 and 17?
17
Calculate the highest common factor of 2007 and 9.
9
Calculate the highest common divisor of 1968 and 8.
8
Calculate the highest common divisor of 3665 and 10.
5
What is the greatest common factor of 188 and 1222?
94
Calculate the greatest common factor of 10 and 410.
10
Calculate the greatest common factor of 276 and 12.
12
Calculate the greatest common factor of 4961 and 82.
41
Calculate the greatest common factor of 361 and 57.
19
What is the greatest common factor of 987 and 16638?
141
Calculate the highest common divisor of 22 and 1034.
22
What is the highest common factor of 60 and 840?
60
Calculate the greatest common factor of 169 and 52.
13
What is the greatest common divisor of 632 and 5846?
158
What is the highest common factor of 9 and 3561?
3
What is the greatest common factor of 14084 and 14?
14
What is the greatest common factor of 32 and 6048?
32
What is the highest common divisor of 324 and 12?
12
Calculate the greatest common factor of 45 and 285.
15
Calculate the greatest common factor of 255 and 1224.
51
Calculate the highest common divisor of 1848 and 672.
168
What is the highest common factor of 5922 and 882?
126
What is the greatest common divisor of 15 and 27?
3
What is the greatest common divisor of 67423 and 191?
191
Calculate the highest common divisor of 15 and 345.
15
What is the greatest common divisor of 14833 and 182?
91
Calculate the greatest common divisor of 572 and 260.
52
What is the greatest common divisor of 315 and 1050?
105
What is the highest common factor of 315 and 45?
45
Calculate the highest common factor of 875 and 14.
7
Calculate the highest common divisor of 11 and 1111.
11
Calculate the greatest common divisor of 48 and 12.
12
What is the greatest common divisor of 198 and 936?
18
Calculate the greatest common divisor of 57 and 152.
19
Calculate the highest common divisor of 150 and 156.
6
What is the greatest common factor of 14 and 112?
14
Calculate the highest common factor of 4826 and 381.
127
What is the greatest common factor of 9589 and 1338?
223
What is the highest common divisor of 388 and 873?
97
Calculate the highest common factor of 34 and 17.
17
Calculate the greatest common divisor of 8 and 6904.
8
What is the highest common factor of 4875 and 910?
65
Calculate the highest common divisor of 429 and 39.
39
What is the highest common divisor of 8 and 10904?
8
What is the greatest common factor of 18 and 84?
6
What is the greatest common factor of 119 and 374?
17
What is the greatest common divisor of 2574 and 66?
66
What is the highest common factor of 28 and 42?
14
What is the greatest common divisor of 475 and 125?
25
What is the greatest common divisor of 1768 and 204?
68
Calculate the highest common divisor of 644 and 46.
46
Calculate the highest common divisor of 9 and 153.
9
What is the highest common divisor of 69 and 897?
69
Calculate the greatest common factor of 19 and 19.
19
What is the highest common factor of 396 and 56?
4
Calculate the highest common divisor of 66 and 6.
6
What is the greatest common factor of 1890 and 9?
9
What is the highest common divisor of 695 and 417?
139
What is the highest common factor of 268 and 134?
134
Calculate the greatest common factor of 3337 and 611.
47
What is the highest common divisor of 616 and 77?
77
Calculate the highest common factor of 40 and 280.
40
What is the highest common factor of 496 and 48?
16
Calculate the highest common factor of 357 and 23613.
51
Calculate the highest common divisor of 22375 and 125.
125
What is the greatest common divisor of 8 and 24?
8
What is the greatest common divisor of 707 and 909?
101
What is the greatest common divisor of 122 and 366?
122
What is the greatest common factor of 46 and 2?
2
Calculate the highest common divisor of 2599 and 791.
113
What is the highest common divisor of 5145 and 30?
15
What is the highest common divisor of 625 and 5?
5
Calculate the greatest common factor of 55 and 44.
11
Calculate the highest common divisor of 3995 and 2125.
85
What is the highest common divisor of 24 and 1128?
24
What is the greatest common factor of 24 and 8556?
12
Calculate the greatest common factor o